its digit of y(t)?
9
Let q(j) = -j + 56. What is the tens digit of q(-23)?
7
Let n = 282 + -182. What is the hundreds digit of n?
1
Let m(w) = -w**2 + 4*w + 2. Let b be m(3). Let x(f) be the third derivative of f**5/60 - f**4/6 - 2*f**3/3 + f**2. What is the units digit of x(b)?
1
Let s = -106 + 200. What is the tens digit of s?
9
Let k(a) = -a**3 + a**2 + 2*a - 2. Let m be k(2). What is the tens digit of 250/6 + m/3?
4
Let v = 14 - 10. Suppose s - 6 = -0*s + 4*a, 48 = 4*s - v*a. What is the tens digit of s?
1
Let a(l) = -l. Let w(o) = 5*o - 5. Let r(i) = 3*a(i) + w(i). Suppose -3*x - f = -22, -2*f = -3 - 5. What is the units digit of r(x)?
7
Let h = 35 - 14. What is the units digit of h?
1
Let s(m) = 10*m**2 + 2*m - 1. Let l(t) = -t + 8. Let z be l(7). Let p be s(z). What is the tens digit of p - (3 + -2) - -2?
1
Suppose 0 = 5*s - 3*i - 178, -65 = -2*s + 2*i + 3. Suppose 3*v - 2*k - 21 - s = 0, -v - 4*k = -29. Let z = -12 + v. What is the units digit of z?
9
Suppose -2*p - 54 = -c, -2*p + c - 56 = -c. Let o = p - -47. What is the tens digit of o?
2
Suppose 3*h - 5 = 3*c - 2*c, 4*c + 65 = 3*h. Let a = 30 + c. What is the tens digit of a?
1
Suppose -3*f = 2*f. Suppose 2*p - 5*p = f, -3*p = -4*v + 56. What is the units digit of (-376)/(-56) + 4/v?
7
Suppose -2*w + 11 = -7. What is the units digit of w?
9
Let o = -8 + 10. Suppose -2*j = -0*j - o. What is the units digit of j?
1
Suppose 4*q - 2*k - 88 = 2*k, -3*q + 5*k = -62. What is the units digit of q?
4
Suppose 2*m - 4 = 6*m. Let l be m/((-2)/(-32)) - 0. Let r = l + 28. What is the tens digit of r?
1
Let g be (-37)/(-5) - (-6)/(-15). Let f = -9 + g. What is the tens digit of 2*f/(-4)*11?
1
Let u(d) = -d**3 + 2*d**2 + 6*d - 5. Let f be u(4). Let a = f + 66. What is the tens digit of a?
5
Let n = -9 + 4. What is the units digit of (-2)/(2 - 0)*n?
5
Suppose -5*p + 15 = -5*h, -p + 0*h = 2*h + 9. Let z be p/2 + 10/4. Let q = 3 - z. What is the units digit of q?
1
Let u = 6 + 3. What is the units digit of u?
9
Let f = 82 - 54. What is the units digit of f?
8
Let f be ((-3)/2)/((-9)/6). Suppose -5*j - 5*n - 15 = 0, -2*j - f = -3*n + 4*n. What is the units digit of j?
2
Let q(w) = 3*w + 4. Suppose -3*u = -19 + 4. What is the tens digit of q(u)?
1
Suppose 3 - 2 = c. What is the tens digit of (c/2)/((-4)/(-136))?
1
Let c(l) = -l - 1. Let h be c(-7). Suppose u - 22 = -h. What is the units digit of (u/6)/(14/21)?
4
Let v(d) = -2*d + 2. Let y be v(7). Let n be (9/y)/((-1)/4). Suppose -k = 2*m - 12, -7*k = -n*m - 2*k + 31. What is the units digit of m?
7
Suppose 0*w - 26 = -3*w + 5*x, -3*x - 6 = 3*w. What is the units digit of w?
2
Suppose -4 = 2*c - 4*w, 5*c = c + 3*w + 12. Suppose -m - 2*m = -c. Suppose d + 13 = b, -4*b - m*d + 53 = 13. What is the units digit of b?
1
Suppose 5*l + 2 = -s + 60, 5*s + 3*l = 246. What is the units digit of s?
8
Suppose -2*v + 4 = 6. Let n = v + 3. Suppose 0 = 2*j + 6, -14 = -n*m - 2*j - 2*j. What is the units digit of m?
3
What is the units digit of (-51)/(-2) - (-13)/(-26)?
5
Let n(w) = w**3 - 2*w**2 + 18. What is the units digit of n(7)?
3
Suppose -93 = -2*z + 3. Suppose -6*j + 8*j = z. What is the units digit of j?
4
Suppose -312 = -6*s - 24. What is the units digit of s?
8
Let x(j) = -j**3 + 8*j**2 - 6*j + 5. Suppose -4*o - 40 = r, -3*o - 30 = 3*r - 7*r. Let k = o + 17. What is the tens digit of x(k)?
1
What is the units digit of (36/30)/((-6)/(-285))?
7
Let d be -1 + (3 - 1) - -3. What is the tens digit of 1/d - (-153)/12?
1
Let l = -9 - 1. What is the units digit of (-468)/(-30) - 4/l?
6
Suppose 2*p = o - 3, 5*o - 3*o + 2 = 0. What is the units digit of 0 - (-7 + p/2)?
8
Let d(s) = 17*s - 5. Let h be d(5). Suppose 0 = 2*q - 3*c - 29 - h, -q - c = -57. What is the tens digit of q?
5
Let n = 38 - 18. What is the tens digit of n?
2
Let r(y) = 4*y. Let a be r(1). Let o be a/14 + 60/(-14). What is the tens digit of (o - -5)*(9 + 2)?
1
Suppose -2*o = 3*m - 7*o + 19, 2*m + 4*o - 24 = 0. Suppose -3*f - 5*d + 38 = 0, -2*f - 5*d = m*f - 59. What is the tens digit of f?
2
Suppose 0*m - 5*m = -30. Suppose -5*r - z = -m, 3*z = 4*r + z - 16. What is the units digit of r?
2
Suppose 58 = -6*i + 178. What is the units digit of i?
0
Let j = -5 - -10. Suppose j*w - 25 = -0*w. What is the units digit of w?
5
Suppose -3 = -5*p - 108. Let v = 33 + p. What is the units digit of v/(-30) + 34/10?
3
Suppose 5*k = -5*i + 100, 4*k - 5*k - 3*i = -30. What is the units digit of k?
5
Let i be (-1)/4 + 85/20. Let c be (-813)/(-15) + 5/(-25). Suppose -3*n - i*l + l = -c, 0 = n + 2*l - 18. What is the tens digit of n?
1
Let d = 87 + 6. What is the tens digit of d?
9
What is the tens digit of (-62)/(-6) - (4/(-6) - 0)?
1
Let z = -3 + 9. What is the tens digit of z/12 - (-27)/2?
1
Let p = 34 + 8. What is the tens digit of p?
4
Let d = 30 + -17. What is the units digit of d?
3
Let j(i) be the third derivative of 7*i**6/120 - i**5/30 + i**3/6 - 2*i**2. Let c(o) = o**2 + 7*o + 7. Let t be c(-6). What is the units digit of j(t)?
6
Let c(g) = -2*g - 3. Suppose -3*y - y - 22 = -3*s, 3*y - 4*s + 20 = 0. What is the units digit of c(y)?
5
Let h be ((-5)/5)/((-3)/27). Let t be 1 + -1 + 2 + -7. Let d = h + t. What is the units digit of d?
4
Let z(g) = 2*g + 1. Let o be z(-2). What is the tens digit of o*(1 + (-50)/6)?
2
Suppose 3*s + 267 = 2*t + 2*t, 2*s + 201 = 3*t. What is the tens digit of t?
6
Let m be (1/(-1))/((-6)/30). Suppose m*j - 80 = -20. Suppose 3*w - w = j. What is the units digit of w?
6
Let g be (-8)/36 - 248/18. What is the tens digit of (-242)/g + 6/(-21)?
1
Let c = -66 + 92. Let p = c - 16. What is the units digit of p?
0
Suppose 4*l - 3*u = 0, -u + 5*u - 1 = 5*l. Suppose 2*s - f - 2*f - 32 = 0, 0 = l*f. What is the units digit of s?
6
Let m(x) = -3*x + 6. Let w(a) = 2*a - 6. Let v(d) = 3*m(d) + 4*w(d). Let g be v(-5). Let y = 3 + g. What is the units digit of y?
2
Let q(x) = x - 4. Let j(w) = 4*w - 12. Let a(k) = 4*j(k) - 11*q(k). What is the tens digit of a(3)?
1
Suppose 3*w - 2*j + 100 = -36, w = 4*j - 52. Let n be (-300)/w - 4/(-22). What is the units digit of (-15)/(-21) + 2/n?
1
Suppose -4*y - 2 = -2*j, 0 = -5*y + 9 - 4. Suppose 3*q - j = 2*q. What is the units digit of q*1/(9/6)?
2
Suppose 0 = 2*i + 3*i - 395. Let r = i + -50. What is the tens digit of r?
2
Let z(b) = -b**2 - 5*b + 1. Let s be z(-5). Let m = 3 - s. Suppose n - 2 = -i, -m*i = -n + 2 - 3. What is the units digit of n?
1
Suppose v = 12 - 1. What is the units digit of v?
1
What is the tens digit of 370/14 - (-24)/(-56)?
2
Let w = -4 - -6. Suppose s - 4 = -w*n, 0 = -2*n - 3*s + 12 - 0. Suppose 0 = -n*u - 2*u - 5*j + 13, -5*j = 5*u - 70. What is the units digit of u?
9
Let z = 1 - -3. Suppose -z*k = 8 - 28. What is the units digit of k?
5
Suppose 4*p - 8 = 8. Let s be p/(8/14)*-2. What is the units digit of 1/1*s/(-2)?
7
Suppose 3*t + 39 - 9 = 0. Let p = -6 - t. What is the units digit of p?
4
Let x be 1 - 1/1 - -3. Suppose k + 3 - 1 = v, -x*k = -6. Let s(p) = p - 2. What is the units digit of s(v)?
2
Suppose -a - p - 2*p + 3 = 0, a - 4 = -4*p. Suppose a = 4*q + 1 - 17. What is the units digit of q?
4
Let j be (-15)/(-2) - (-3)/(-6). Suppose -12*i + 165 = -j*i. What is the tens digit of i?
3
Let l = 39 + 3. Suppose -b + l = -0*b. What is the tens digit of ((-10)/6 + 2)*b?
1
Suppose -s - f = 11, -3 = 3*f - 2*f. What is the tens digit of (-20 + 0)*s/8?
2
Suppose -3*r + 6 = -2*h + h, -5*h - 5*r = 30. Let t(s) = -4*s - 7. What is the units digit of t(h)?
7
Let d = -3 - 0. What is the tens digit of (-1)/(d + 1)*34?
1
Let i(n) = n**2 + 9*n - 8. Let c be i(-10). Let x = c + 3. What is the units digit of x?
5
Let s = 17 + -8. Suppose p + 4*t = s, p - 2*t = 22 - 7. What is the units digit of p?
3
Let v = 12 - 18. Let b = 0 - v. What is the units digit of b?
6
Suppose -3*h + 135 = -2*t - 2*t, 0 = 4*h + 2*t - 180. What is the tens digit of h?
4
Let f be 78/18 - (-2)/3. Suppose f*x - 90 = 90. Suppose -x = -4*o + 4*d, o = 5*d - d - 3. What is the tens digit of o?
1
Let a(d) = -2*d**3 - 4*d**2 + 4*d + 5. Let k be a(-4). What is the tens digit of (-2)/8 + k/4?
1
Suppose -2*f - 53 = -3*x, 6*x = 5*x + 3*f + 13. Suppose x + 31 = 5*s. What is the units digit of s?
0
Let m(q) = -q - 19. Let a be m(9). Let g = -52 + 12. Let h = a - g. What is 